*f**3/6 - 2962*f**2. Determine c(-17).
4
Let n(b) = -2*b + 3. Let o = 1547 + -1566. Let f(y) = -11*y + 47. Let a(m) = 5*m - 23. Let r(q) = 13*a(q) + 6*f(q). Let w be r(o). What is n(w)?
-1
Let t = -322 - -352. Let p(g) = -9*g**2 + 1 - 20*g**2 + 4*g + t*g**2. Calculate p(-4).
1
Let h(k) = -2*k**3 + 111*k**2 - 32*k + 4929. Let g be h(56). Let c(v) be the first derivative of 2*v**3 + v**2 - v - 5. What is c(g)?
7
Suppose 13*j + 14*j = 8829. Let s = -331 + j. Let i(o) = -o**2 - 4*o - 6. Determine i(s).
-6
Let i(p) be the first derivative of -1/12*p**4 + 7/120*p**5 + 1 + 0*p**2 + 0*p + 20/3*p**3 - 1/360*p**6. Let y(x) be the third derivative of i(x). What is y(7)?
-2
Let x(q) = 3*q - 18. Let l be (-2 + (-26)/(-12))*0/2. Determine x(l).
-18
Suppose -11 = -u - 4*m, -5*m + 3 = -2*u - 1. Let h(b) = 19221 + 4*b - 9611 - 9616. Give h(u).
6
Let x(b) = -b**2 - 31*b - 68. Suppose -3*y = -4*a - 110, -152 + 409 = -9*a + 2*y. Calculate x(a).
-10
Let m(k) be the third derivative of k**6/120 - k**5/15 - k**4/8 - 7*k**3/6 + 233*k**2. Determine m(5).
3
Let i(x) = x**3 + 5*x**2 + x - 1. Let t(u) = u**2 - 30*u - 36. Let h = 94 + -63. Let k be t(h). Determine i(k).
-6
Suppose -14*v = 4*v - 162. Let l(x) = -3*x**2 - 7*x - 17. Let k(f) = 17*f**2 + 35*f + 86. Let n(m) = 2*k(m) + 11*l(m). Give n(v).
3
Let g(h) = -12*h**3 + 3*h**2 + 26*h**3 - h**2 - 15*h**3 + 11*h + 8 + 0. Give g(0).
8
Suppose 0*i = -4*i - 9*i. Let h = 4 + i. Let s(q) = q**2 - 5*q. Determine s(h).
-4
Let k(j) = 87*j - 261. Suppose -639*b + 12 = -629*b - 18. Calculate k(b).
0
Suppose -120 = -4*i - 20*i. Let d(c) = -c**2 + 2*c + 0 - 3 + i - 3*c - 3*c**3. Calculate d(-2).
24
Let u(w) = -12*w**3 - 22*w**2 + 11*w - 54. Let i(d) = -5*d**3 - 11*d**2 + 4*d - 27. Let o(n) = 5*i(n) - 2*u(n). Calculate o(-11).
-5
Let b(o) = -10*o - 41. Let k be b(-5). Let i(r) = -r**3 + 4*r**2 - 5*r + 6. Let q be i(4). Let a = q + k. Let p(t) = 2*t - 5. Determine p(a).
-15
Let x(d) = -2*d**2 + 10*d - 6. Let f(i) = 8*i**3 - i**2 - i + 1. Let b be f(2). Let y = 2992 - 3045. Let r = y + b. Give x(r).
-18
Let u(z) be the third derivative of -z**4/24 + z**2. Let k = -14 - -17. Calculate u(k).
-3
Let g(q) = 2*q**2 + 17*q + 9. Let u(p) = p**3 + 31*p**2 + 60*p + 53. Let x be u(-29). Give g(x).
-26
Let d be (0 + 1)/(1/11*1). Let l(t) = -t - 4*t**2 - 10*t**3 - t**2 + 4*t**2 - 3 + d*t**3. Give l(3).
12
Let v(n) = 198*n**2 + 10 - 132*n**2 - 67*n**2 - 3*n. Determine v(-5).
0
Suppose 2*c = v + 2, 0 = -4*v + 2*c + 1 - 15. Let f(x) = -41*x + 1. Let y be f(0). Let b(q) = 12*q - 4*q**2 - q**3 + 0 - 13*q - 4 + y - 1. What is b(v)?
0
Let w(l) be the second derivative of -l**3/3 + 5*l**2 + 23*l + 1. Suppose -2*q - 117 = -5*q. Let k = 46 - q. Calculate w(k).
-4
Let d(n) = -46*n + 318. Let j(s) = 13*s**2 + 92*s + 14. Let q be j(-7). Give d(q).
-4
Suppose -1004 = -5*t + a - 3*a, 0 = 5*t + 3*a - 1001. Let g = t - 209. Let w(l) = -l**3 - 8*l**2 - 6*l + 9. Determine w(g).
2
Let a(n) be the third derivative of 1/3*n**4 + 0 + n**2 + 0*n - 5/6*n**3 - 1/60*n**5. Suppose -12*f + 50 - 10 = -44. What is a(f)?
2
Suppose 5*r + 43 = 68. Let v(a) = -3 + 160*a + r - 1 - 161*a. Determine v(-1).
2
Let n(s) = -758320*s + s**2 + 2 + 2 + 758325*s. Let t be (-30)/(-8) + (-15)/20. Suppose -j = t + 4. Determine n(j).
18
Let z(c) = 2*c - 9. Let f(r) = 2*r**3 - 7*r**2 - 8*r - 18. Let u be f(-4). Let m = 235 + u. Give z(m).
9
Suppose 4*a - l + 160 = 31, -l + 30 = -a. Let v(w) = w**2 + 32*w - 34. Calculate v(a).
-1
Let h = -4 - -8. Let t(w) = w**2 - 5*w - 2. Let q be t(h). Let y(a) be the second derivative of a**4/12 + 4*a**3/3 - a**2 - 84*a - 36. Determine y(q).
-14
Let n(r) = -r**3 - 4*r**2 - 2. Let h(f) = 12*f**2 - 2*f - 7. Let b(j) = -2*j**2 + j + 1. Let l(s) = -5*b(s) - h(s). Let u be l(1). What is n(u)?
-11
Let i(g) = 5*g + 7. Let u(v) = 18*v + 99. Let m be u(-6). Let j be -8 - ((3 + m)/(-2))/(-1). Give i(j).
-18
Let q(x) = -6*x**2 - 122*x**3 - 126*x**3 - 126*x**3 - 21 + 492*x**3 + 15*x - 117*x**3. Calculate q(4).
7
Let l(o) = 0*o + o + 1 - 12. Let s = -12341 + 12346. Calculate l(s).
-6
Let g(w) = 14*w - 2. Suppose -16*k + 437 = -267. Suppose -k*p + 6 = -41*p, 4*y = -2*p + 12. Give g(y).
26
Let p(x) = -x**2 - 7*x + 122. Let o be p(-15). Suppose 0 = 4*j - o*k - 27 + 9, 0 = -2*j - 4*k + 34. Let n(s) = s**3 - 6*s**2 - 9*s. What is n(j)?
-14
Let w be (-6)/(-2) - (-17 - -5). Suppose -3*g + 3*l = -w, -l + 5*l - 15 = -g. Let u(h) = -h**3 + 8*h**2 - 6*h - 1. Determine u(g).
6
Let q(a) = -2*a**3 + a**3 - 2 - 5718468*a**2 + 5718462*a**2 + 4*a. Give q(-6).
-26
Let n = -235 - -231. Let q(b) be the third derivative of b**6/120 + b**5/20 - b**4/4 - 5*b**3/6 - 4*b**2 + 36. Give q(n).
3
Let q(m) be the first derivative of m**4/4 + m**2/2 - 13*m + 5883. Determine q(0).
-13
Let n(o) = -o**3 + 10*o**2 - 10*o + 2. Let g(w) be the third derivative of -w**4/6 - 5*w**3/2 + 4*w**2 + 2. Let v be g(-6). What is n(v)?
-7
Let w(k) be the third derivative of k**4/12 + 2*k**3 + k**2. Let x be 138/736*-8*((-60)/(-9) - 2). Determine w(x).
-2
Let c(l) be the second derivative of -1/3*l**3 + 1/6*l**4 - 1/4*l**5 + 1/2*l**2 + 0 + 14*l. Let o(b) = b**3 + 4*b**2 + 1. Let v be o(-4). Determine c(v).
-4
Let w(v) = -v**2 + 1 + 18*v**2 - 2*v + 0 + 0. Let t be w(1). Suppose 2*c - t = -4. Let p(o) = -o**2 + 5*o + 1. Calculate p(c).
-5
Let p(x) = x + 20. Suppose -5*n + 8 = b + 2*b, 2*n = -2*b. Suppose 20 = n*z + 5*a, 1 = 2*a - 7. What is p(z)?
20
Let c(x) = -24*x - 16. Let d = 19424 + -19419. Calculate c(d).
-136
Suppose -62 = -9*h + 5*v, 282*h - 283*h + 4*v = 0. Let g(i) = -3*i + 19. Give g(h).
-5
Suppose 0 = -3*g - 3, 4*j - 3*g - 30 = 53. Let o(m) = 110*m**3 - 19*m - m**2 + j*m - 111*m**3. Calculate o(1).
-1
Let w(l) = -l**3 - 14*l**2 + 3*l - 11. Let n(t) = -2*t**3 - 26*t**2 + 7*t - 22. Let z(h) = 3*n(h) - 7*w(h). Determine z(-20).
11
Let i be ((-462)/(-1925))/((-18)/(-10) + -1). Let x(p) be the second derivative of 0 + 0*p**4 - i*p**5 + 1/3*p**3 + 1/2*p**2 - 5*p. Give x(-1).
5
Let f(k) = k**2 - 5*k - 13. Let w(c) = -c**2 + 5*c + 11. Let b(o) = 3*f(o) + 4*w(o). Suppose 0 = 3*q - 2 - 7. Suppose q + 3 = s. Determine b(s).
-1
Let k be (-6)/6*(-3)/(-3 - -4). Suppose 2*j + 4*w + 10 = 0, -2*w + k*w = 5*j + 14. Let q(u) = 6*u**2 + 4*u + 1. Determine q(j).
43
Let x(i) be the third derivative of i**5/30 + 7*i**4/24 - i**3/2 - 43*i**2. Suppose -7 = -26*f - 102 - 61. Give x(f).
27
Suppose 2*c = 3*y + 12, 2*c + 27*y - 23*y = -30. Let v(l) be the third derivative of l**4/12 - 5*l**3/6 - 5*l**2. Calculate v(c).
-11
Suppose -117*l + 211 = 295 + 618. Let x(z) = -z**3 - 9*z**2 - 14*z - 4. Give x(l).
-28
Suppose -f - 82 = -c, -3*f = -c + 26 + 60. Let d = -80 + c. Let l(p) = -3*p**2 + p + 6. What is l(d)?
6
Let i(z) = 3*z + 7. Suppose -y - 3669 = -3673, -2*a - 3*y = -22. Calculate i(a).
22
Let g(v) be the third derivative of v**5/60 + 25*v**4/24 + 70*v**3/3 - 3*v**2 - 4*v + 58. Give g(-9).
-4
Let k(p) be the first derivative of -1/20*p**5 + 5/6*p**3 + 1/2*p**4 - 11*p + 17 + 4*p**2. Let h(q) be the first derivative of k(q). Determine h(7).
-6
Suppose -5*s + 2 = -4*s. Let f be ((-8 - 2)/(-5))/(2/10). Let a(b) = -f*b - 9*b + 3 + 2*b**2 - b + 16*b. What is a(s)?
3
Suppose -279*k = -236*k - 301. Let n(x) = -4*x - 3. Let g(c) = 7*c + 7. Let j(a) = -6*g(a) - 11*n(a). Give j(k).
5
Let t(i) = 39 + 4*i**2 + i**3 + 39 - 6*i - 81. Let s be t(-5). Let f(g) = 2 - 4 + 3*g + s. Calculate f(-1).
-3
Let v(u) = 4*u**2 - u - 7. Let f be v(3). Suppose -f*a + 30*a + 32 = 0. Let g(y) = -y**2 - 7*y - 7. What is g(a)?
-15
Let a(w) = 46*w + 26. Let o(j) = -4*j - 1. Let f(s) = -a(s) - 10*o(s). Give f(-8).
32
Let s(z) = -z + 15. Suppose -2*j + 5*o - 7 = 0, 3*o - 2 = j - 0*j. What is s(j)?
26
Let c(b) = -b**2 + 4*b - 4. Suppose 11*a - 12*a = -28. Suppose s - 4*q - 36 = 0, -s + 3*s + 3*q = a. Suppose -5*f = -s, 0*f + 2*f = p + 5. What is c(p)?
-1
Suppose -56 = 5*v - 13*v. Let x be 420/(-24)*(-4)/v. Let l(i) = -4*i - 11 - 7*i + x*i. Give l(-8).
-3
Let c(p) = -306*p - 11025. Let b be c(-36). Let k(y) = 90*y + 815. Give k(b).
5
Suppose 4*a = 3*t - 36, -4*a + 14 = 2. Let q = t + -16. Let j(w) = 6*w + q*w**2 - 8625 + 8628 + w**2. What is j(-5)?
-2
Let o(d) = -2*d**3 - 2*d**2 + 7*d + 1. Let k(z) = 2*z**3 + 2*z**2 - 8*z - 1. Let i(r) = -5*k(r) - 6*o(r). Let g(c) = -8*c